{"id":88,"date":"2022-07-08T17:03:24","date_gmt":"2022-07-08T15:03:24","guid":{"rendered":"https:\/\/dentistes-charron.fr\/?page_id=88"},"modified":"2025-07-09T10:53:20","modified_gmt":"2025-07-09T08:53:20","slug":"info-pratique","status":"publish","type":"page","link":"https:\/\/dentistes-charron.fr\/?page_id=88","title":{"rendered":"Info pratique"},"content":{"rendered":"\n<h2 class=\"wp-block-heading\" style=\"font-style:normal;font-weight:600\">INFORMATIONS PRATIQUES<\/h2>\n\n\n\n<figure class=\"wp-block-table is-style-stripes\" style=\"font-size:clamp(14px, 0.875rem + ((1vw - 3.2px) * 0.313), 17px);\"><table><tbody><tr><td class=\"has-text-align-left\" data-align=\"left\">Lundi<\/td><td>09h &#8211; 12h<\/td><td>14h &#8211; 17h<\/td><\/tr><tr><td class=\"has-text-align-left\" data-align=\"left\">Mardi<\/td><td>09h &#8211; 12h<\/td><td>14h &#8211; 17h<\/td><\/tr><tr><td class=\"has-text-align-left\" data-align=\"left\">Mercredi<\/td><td>09h &#8211; 12h<\/td><td>14h &#8211; 17h<\/td><\/tr><tr><td class=\"has-text-align-left\" data-align=\"left\">Jeudi<\/td><td>09h &#8211; 12h<\/td><td>14h &#8211; 17h<\/td><\/tr><tr><td class=\"has-text-align-left\" data-align=\"left\">Vendredi<\/td><td>09h &#8211; 12h<\/td><td>14h &#8211; 17h<\/td><\/tr><tr><td class=\"has-text-align-left\" data-align=\"left\">Samedi<\/td><td>ferm\u00e9<\/td><td>&nbsp;<\/td><\/tr><tr><td class=\"has-text-align-left\" data-align=\"left\">Dimanche<\/td><td>ferm\u00e9<\/td><\/tr><\/tbody><\/table><\/figure>\n\n\n\n<h1 class=\"wp-block-heading\">LA PRISE DE RENDEZ-VOUS<\/h1>\n\n\n\n<p class=\"has-medium-font-size\">La prise de rendez-vous s&rsquo;effectue&nbsp;<strong>uniquement par t\u00e9l\u00e9phone<\/strong>&nbsp;aupr\u00e8s&nbsp;de nos secr\u00e9taires selon les horaires d&rsquo;ouverture du secr\u00e9tariat&nbsp;en appelant au :&nbsp;05 46 66 87 55 <\/p>\n\n\n<style>.kb-google-maps-container88_70f56e-04{height:450px;}<\/style><div class=\"kb-google-maps-container kb-google-maps-container88_70f56e-04  wp-block-kadence-googlemaps\" data-mapid=\"88_70f56e04\"><iframe width=\"100%\" height=\"100%\"\n\t\t\t\t\t\t\tstyle=\"border:0\" loading=\"lazy\"\n\t\t\t\t\t\t\tsrc=\"https:\/\/www.google.com\/maps\/embed\/v1\/place?key=AIzaSyBAM2o7PiQqwk15LC1XRH2e_KJ-jUa7KYk&#038;zoom=11&#038;maptype=satellite&#038;q=scm+dentistes+charron\"\n\t\t\t\t\t\t\ttitle=\"Carte Google de scm dentistes charron\"><\/iframe><\/div><script>function kb_google_map88_70f56e04() { let center = { lat: 37.8201, lng: -122.4781}; let map = new google.maps.Map(document.getElementById(\"kb-google-map88_70f56e04\"), {\n\t\t\t\t\t    zoom: 11,\n\t\t\t\t\t    center: center,mapTypeId: \"satellite\",});let marker = new google.maps.Marker({   position: { lat: 37.8201, lng: -122.4781},    map: map,  });}<\/script>\n\n\n<p><\/p>\n","protected":false},"excerpt":{"rendered":"<p>INFORMATIONS PRATIQUES Lundi 09h &#8211; 12h 14h &#8211; 17h Mardi 09h &#8211; 12h 14h &#8211; 17h Mercredi 09h &#8211; 12h 14h &#8211; 17h Jeudi 09h &#8211; 12h 14h &#8211; 17h Vendredi 09h &#8211; 12h 14h &#8211; 17h Samedi ferm\u00e9 &nbsp; Dimanche ferm\u00e9 LA PRISE DE RENDEZ-VOUS La prise de rendez-vous s&rsquo;effectue&nbsp;uniquement par t\u00e9l\u00e9phone&nbsp;aupr\u00e8s&nbsp;de nos secr\u00e9taires &hellip; <\/p>\n<p class=\"link-more\"><a href=\"https:\/\/dentistes-charron.fr\/?page_id=88\" class=\"more-link\">Lire la suite de<span class=\"screen-reader-text\">\u00ab\u00a0Info pratique\u00a0\u00bb<\/span><\/a><\/p>\n","protected":false},"author":1,"featured_media":0,"parent":0,"menu_order":0,"comment_status":"closed","ping_status":"closed","template":"","meta":{"_monsterinsights_skip_tracking":false,"_monsterinsights_sitenote_active":false,"_monsterinsights_sitenote_note":"","_monsterinsights_sitenote_category":0,"footnotes":""},"class_list":["post-88","page","type-page","status-publish","hentry"],"_links":{"self":[{"href":"https:\/\/dentistes-charron.fr\/index.php?rest_route=\/wp\/v2\/pages\/88","targetHints":{"allow":["GET"]}}],"collection":[{"href":"https:\/\/dentistes-charron.fr\/index.php?rest_route=\/wp\/v2\/pages"}],"about":[{"href":"https:\/\/dentistes-charron.fr\/index.php?rest_route=\/wp\/v2\/types\/page"}],"author":[{"embeddable":true,"href":"https:\/\/dentistes-charron.fr\/index.php?rest_route=\/wp\/v2\/users\/1"}],"replies":[{"embeddable":true,"href":"https:\/\/dentistes-charron.fr\/index.php?rest_route=%2Fwp%2Fv2%2Fcomments&post=88"}],"version-history":[{"count":17,"href":"https:\/\/dentistes-charron.fr\/index.php?rest_route=\/wp\/v2\/pages\/88\/revisions"}],"predecessor-version":[{"id":1532,"href":"https:\/\/dentistes-charron.fr\/index.php?rest_route=\/wp\/v2\/pages\/88\/revisions\/1532"}],"wp:attachment":[{"href":"https:\/\/dentistes-charron.fr\/index.php?rest_route=%2Fwp%2Fv2%2Fmedia&parent=88"}],"curies":[{"name":"wp","href":"https:\/\/api.w.org\/{rel}","templated":true}]}}